PRAGMA foreign_keys=OFF;
BEGIN TRANSACTION;
CREATE TABLE blob(
  rid INTEGER PRIMARY KEY,
  rcvid INTEGER,
  size INTEGER,
  uuid TEXT UNIQUE NOT NULL,
  content BLOB,
  CHECK( length(uuid)==40 AND rid>0 )
);
INSERT INTO "blob" VALUES(1,1,160,'85d5623f065ba80b20a035dcb4f9aea045215406',X'[BLOB]');
INSERT INTO "blob" VALUES(2,2,10,'da5c8346496f3421cb58f84b6e59e9531d9d424d',X'0000000A789C73E472E272E672E172E5020008CA0182');
INSERT INTO "blob" VALUES(3,2,10,'ed24d19d726d173f18dbf4a9a0f8514daa3e3ca4',X'0000000A789CF3E6F2E1F2E5F2E3F2E7020009F601B4');
INSERT INTO "blob" VALUES(4,2,10,'278a402316510f6ae4a77186796a6bde78c7dbc1',X'0000000A789C73E372E7F2E0F2E4F2E202000960019B');
INSERT INTO "blob" VALUES(5,2,325,'69cc5363f67013c09bf506e3fe9533c32d0bc1ef',X'[BLOB]');
INSERT INTO "blob" VALUES(6,3,190,'3bfa21d09f8718adc3195848d57114e1fbf564fe',X'[BLOB]');
INSERT INTO "blob" VALUES(7,4,10,'35815cf5804e8933eab64ae34e00bbb381be72c5',X'0000000A789C0BE00AE40AE20AE60AE102000A8C01CD');
INSERT INTO "blob" VALUES(8,4,364,'341db367709dc7bc5046ab4fda4f7d9423118cba',X'[BLOB]');
INSERT INTO "blob" VALUES(9,5,294,'9223b4cad40c0bc997b747fe4eee586559a43815',X'[BLOB]');
INSERT INTO "blob" VALUES(10,6,10,'8f09bc55a60eb8ca06f10a3b577aafa869b31695',X'0000000A789C0BE50AE30AE78AE08AE402000B2201E6');
INSERT INTO "blob" VALUES(11,6,426,'3d5bce2e44a6b39205eb514c581aa41d86f48540',X'[BLOB]');
INSERT INTO "blob" VALUES(12,7,10,'c6536e40b3d4755ead483c2e0fb2f16ecb751b6a',X'0000000A789C33E032E432E232E632E1020006CC012D');
INSERT INTO "blob" VALUES(13,7,424,'b95701e0b73e5ebf452a9a7ae00360bf7fd187fd',X'[BLOB]');
INSERT INTO "blob" VALUES(14,8,11,'6f525ab779ad66e24474d845c5fb7938be42d50d',X'0000000B789C73E4728AE072E672E172E502000C1801DA');
INSERT INTO "blob" VALUES(15,8,319,'c19f6ae71a35cddef0d5de3e1e6109c4378c8215',X'[BLOB]');
INSERT INTO "blob" VALUES(16,9,11,'b262fee89ed8a27a23a5e09d3917e0bebe22cd24',X'0000000B789C73E372E7F288E0F2E4F2E202000C5A01F3');
INSERT INTO "blob" VALUES(17,9,319,'41a02f2b2277d771d85e7f1202c82d4d6675662f',X'[BLOB]');
INSERT INTO "blob" VALUES(18,10,187,'6c22c86ee8a603f5e18171efb6ff571b59e35cf3',X'[BLOB]');
INSERT INTO "blob" VALUES(19,11,187,'8b9f82378ea7a5f9ef8e80d31929f6dfab988acc',X'[BLOB]');
INSERT INTO "blob" VALUES(20,12,11,'64a8a5c7320fccfa4b2e5dfc5fd20a5381a86c5b',X'0000000B789CF3E6F2E1F2E5F28BE0F2E702000CA7020C');
INSERT INTO "blob" VALUES(21,12,321,'5a71ecd64585155b076a4f1e4d489eb5fe3d05f4',X'[BLOB]');
INSERT INTO "blob" VALUES(22,13,187,'a2c1640c98b3059a83df0b597d673ad073b782de',X'[BLOB]');
INSERT INTO "blob" VALUES(23,14,10,'6e167b139c294bed560e2e30b352361b101e1f39',X'0000000A789C33E532E332E7B2E0B2E4020007620146');
INSERT INTO "blob" VALUES(24,14,388,'8015e80a2391d4497530b5d0f36689f359e374ba',X'[BLOB]');
INSERT INTO "blob" VALUES(25,15,11,'e866bb885d5184cba497cfb6a4eb281688519521',X'0000000B789C73E472E272E672E1728DE002000AF201DA');
INSERT INTO "blob" VALUES(26,15,372,'b882b17dc56af1e0297bf8a57c9d15050215c64a',X'[BLOB]');
INSERT INTO "blob" VALUES(27,16,11,'e09593950837f76e70ca2f8ff2272ae3df0ba017',X'0000000B789CF38EE0F2E1F2E5F2E3F2E702000DB2020C');
INSERT INTO "blob" VALUES(28,16,341,'9df70ff13b57e70ea2de63f655eb72df7b83121a',X'[BLOB]');
INSERT INTO "blob" VALUES(29,17,11,'5ebb3c9ad50740a7382902657b84a6105c32fc7b',X'0000000B789C73E372E7F2E0F28CE4F2E202000C0101F4');
INSERT INTO "blob" VALUES(30,17,322,'94bd3e6b45cc15e86cc76ecfd2207fddbb675b15',X'[BLOB]');
INSERT INTO "blob" VALUES(31,18,11,'85286cb3bc6d9e6f2f586eb5532f6065678f75b9',X'0000000B789C73E372E7F2E0F2E4F28AE402000BA301F4');
INSERT INTO "blob" VALUES(32,18,360,'333c4d56d218735e20565944b50202f24827e3b8',X'[BLOB]');
CREATE TABLE delta(
  rid INTEGER PRIMARY KEY,
  srcid INTEGER NOT NULL REFERENCES blob
);
INSERT INTO "delta" VALUES(5,8);
INSERT INTO "delta" VALUES(11,32);
INSERT INTO "delta" VALUES(15,17);
INSERT INTO "delta" VALUES(17,21);
INSERT INTO "delta" VALUES(28,30);
CREATE TABLE rcvfrom(
  rcvid INTEGER PRIMARY KEY,
  uid INTEGER REFERENCES user,
  mtime DATETIME,
  nonce TEXT UNIQUE,
  ipaddr TEXT
);
INSERT INTO "rcvfrom" VALUES(1,1,2455542.12469579,NULL,NULL);
INSERT INTO "rcvfrom" VALUES(2,1,2455542.12638891,NULL,NULL);
INSERT INTO "rcvfrom" VALUES(3,1,2455542.12705387,NULL,'127.0.0.1');
INSERT INTO "rcvfrom" VALUES(4,1,2455542.12796271,NULL,NULL);
INSERT INTO "rcvfrom" VALUES(5,1,2455542.12818105,NULL,'127.0.0.1');
INSERT INTO "rcvfrom" VALUES(6,1,2455542.12873891,NULL,NULL);
INSERT INTO "rcvfrom" VALUES(7,1,2455542.1294266,NULL,NULL);
INSERT INTO "rcvfrom" VALUES(8,1,2455542.12999842,NULL,NULL);
INSERT INTO "rcvfrom" VALUES(9,1,2455542.13015219,NULL,NULL);
INSERT INTO "rcvfrom" VALUES(10,1,2455542.13073123,NULL,'127.0.0.1');
INSERT INTO "rcvfrom" VALUES(11,1,2455542.13090438,NULL,'127.0.0.1');
INSERT INTO "rcvfrom" VALUES(12,1,2455542.1333612,NULL,NULL);
INSERT INTO "rcvfrom" VALUES(13,1,2455542.13353873,NULL,'127.0.0.1');
INSERT INTO "rcvfrom" VALUES(14,1,2455542.13467894,NULL,NULL);
INSERT INTO "rcvfrom" VALUES(15,1,2455542.13571911,NULL,NULL);
INSERT INTO "rcvfrom" VALUES(16,1,2455542.13623403,NULL,NULL);
INSERT INTO "rcvfrom" VALUES(17,1,2455542.13660848,NULL,NULL);
INSERT INTO "rcvfrom" VALUES(18,1,2455542.19483546,NULL,NULL);
CREATE TABLE config(
  name TEXT PRIMARY KEY NOT NULL,
  value CLOB,
  CHECK( typeof(name)='text' AND length(name)>=1 )
);
INSERT INTO "config" VALUES('server-code','48d0adf1afd58dae13c5b70ff7aff208fb8b9f53');
INSERT INTO "config" VALUES('project-code','8201587e22864f2fe6b8eb623626de6f9f747058');
INSERT INTO "config" VALUES('autosync','1');
INSERT INTO "config" VALUES('localauth','0');
INSERT INTO "config" VALUES('project-name','Test Case 1');
INSERT INTO "config" VALUES('project-description','Fossil repository for testing');
INSERT INTO "config" VALUES('index-page','/timeline');
INSERT INTO "config" VALUES('content-schema','1');
INSERT INTO "config" VALUES('aux-schema','2010-11-24');
CREATE TABLE shun(uuid UNIQUE);
CREATE TABLE private(rid INTEGER PRIMARY KEY);
CREATE TABLE reportfmt(
   rn integer primary key,
   owner text,
   title text,
   cols text,
   sqlcode text
);
INSERT INTO "reportfmt" VALUES(1,NULL,'All Tickets','#ffffff Key:
#f2dcdc Active
#e8e8e8 Review
#cfe8bd Fixed
#bde5d6 Tested
#cacae5 Deferred
#c8c8c8 Closed','SELECT
  CASE WHEN status IN (''Open'',''Verified'') THEN ''#f2dcdc''
       WHEN status=''Review'' THEN ''#e8e8e8''
       WHEN status=''Fixed'' THEN ''#cfe8bd''
       WHEN status=''Tested'' THEN ''#bde5d6''
       WHEN status=''Deferred'' THEN ''#cacae5''
       ELSE ''#c8c8c8'' END AS ''bgcolor'',
  substr(tkt_uuid,1,10) AS ''#'',
  datetime(tkt_mtime) AS ''mtime'',
  type,
  status,
  subsystem,
  title
FROM ticket');
CREATE TABLE filename(
  fnid INTEGER PRIMARY KEY,
  name TEXT UNIQUE
);
INSERT INTO "filename" VALUES(1,'four.txt');
INSERT INTO "filename" VALUES(2,'one.txt');
INSERT INTO "filename" VALUES(3,'three.txt');
INSERT INTO "filename" VALUES(4,'two.txt');
INSERT INTO "filename" VALUES(5,'five.txt');
INSERT INTO "filename" VALUES(6,'six.txt');
INSERT INTO "filename" VALUES(7,'two-rename.txt');
CREATE TABLE mlink(
  mid INTEGER REFERENCES blob,
  pid INTEGER REFERENCES blob,
  fid INTEGER REFERENCES blob,
  fnid INTEGER REFERENCES filename,
  pfnid INTEGER REFERENCES filename
);
INSERT INTO "mlink" VALUES(8,0,7,1,0);
INSERT INTO "mlink" VALUES(5,0,2,2,0);
INSERT INTO "mlink" VALUES(5,0,3,3,0);
INSERT INTO "mlink" VALUES(5,0,4,4,0);
INSERT INTO "mlink" VALUES(11,0,10,5,0);
INSERT INTO "mlink" VALUES(13,0,12,6,0);
INSERT INTO "mlink" VALUES(21,3,20,3,0);
INSERT INTO "mlink" VALUES(17,4,16,4,0);
INSERT INTO "mlink" VALUES(15,2,14,2,0);
INSERT INTO "mlink" VALUES(24,0,23,1,0);
INSERT INTO "mlink" VALUES(24,2,0,2,0);
INSERT INTO "mlink" VALUES(26,2,25,2,0);
INSERT INTO "mlink" VALUES(30,4,29,7,0);
INSERT INTO "mlink" VALUES(28,3,27,3,0);
INSERT INTO "mlink" VALUES(28,4,4,7,4);
INSERT INTO "mlink" VALUES(28,4,0,4,0);
INSERT INTO "mlink" VALUES(32,4,31,4,0);
CREATE TABLE plink(
  pid INTEGER REFERENCES blob,
  cid INTEGER REFERENCES blob,
  isprim BOOLEAN,
  mtime DATETIME,
  UNIQUE(pid, cid)
);
INSERT INTO "plink" VALUES(5,8,1,2455542.12795139);
INSERT INTO "plink" VALUES(1,5,1,2455542.12638889);
INSERT INTO "plink" VALUES(5,11,1,2455542.12873843);
INSERT INTO "plink" VALUES(5,13,1,2455542.1294213);
INSERT INTO "plink" VALUES(17,21,1,2455542.13335648);
INSERT INTO "plink" VALUES(15,17,1,2455542.13015046);
INSERT INTO "plink" VALUES(5,15,1,2455542.12998843);
INSERT INTO "plink" VALUES(5,24,1,2455542.13467593);
INSERT INTO "plink" VALUES(5,26,1,2455542.13571759);
INSERT INTO "plink" VALUES(28,30,1,2455542.13659722);
INSERT INTO "plink" VALUES(26,28,1,2455542.13622685);
INSERT INTO "plink" VALUES(11,32,1,2455542.19482639);
CREATE TABLE event(
  type TEXT,
  mtime DATETIME,
  objid INTEGER PRIMARY KEY,
  tagid INTEGER,
  uid INTEGER REFERENCES user,
  bgcolor TEXT,
  euser TEXT,
  user TEXT,
  ecomment TEXT,
  comment TEXT,
  brief TEXT,
  omtime DATETIME
);
INSERT INTO "event" VALUES('ci',2455542.1246875,1,NULL,NULL,NULL,NULL,'drh',NULL,'initial empty check-in',NULL,NULL);
INSERT INTO "event" VALUES('ci',2455542.12638889,5,NULL,NULL,NULL,NULL,'drh',NULL,'add three initial files',NULL,NULL);
INSERT INTO "event" VALUES('ci',2455542.12795139,8,NULL,NULL,NULL,NULL,'drh',NULL,'add four.txt',NULL,2455542.12795139);
INSERT INTO "event" VALUES('ci',2455542.12873843,11,NULL,NULL,NULL,NULL,'drh',NULL,'add five.txt',NULL,NULL);
INSERT INTO "event" VALUES('ci',2455542.1294213,13,NULL,NULL,NULL,NULL,'drh',NULL,'add six.txt',NULL,NULL);
INSERT INTO "event" VALUES('ci',2455542.12998843,15,NULL,NULL,NULL,NULL,'drh',NULL,'changes to one.txt',NULL,NULL);
INSERT INTO "event" VALUES('ci',2455542.13015046,17,NULL,NULL,NULL,NULL,'drh',NULL,'changes to two.txt',NULL,NULL);
INSERT INTO "event" VALUES('ci',2455542.13335648,21,NULL,NULL,NULL,NULL,'drh',NULL,'changes to three.txt',NULL,2455542.13335648);
INSERT INTO "event" VALUES('ci',2455542.13467593,24,NULL,NULL,NULL,NULL,'drh',NULL,'drop one; add new four',NULL,NULL);
INSERT INTO "event" VALUES('ci',2455542.13571759,26,NULL,NULL,NULL,NULL,'drh',NULL,'change one',NULL,NULL);
INSERT INTO "event" VALUES('ci',2455542.13622685,28,NULL,NULL,NULL,NULL,'drh',NULL,'edit three; rename two',NULL,NULL);
INSERT INTO "event" VALUES('ci',2455542.13659722,30,NULL,NULL,NULL,NULL,'drh',NULL,'edit two-rename',NULL,NULL);
INSERT INTO "event" VALUES('ci',2455542.19482639,32,NULL,NULL,NULL,NULL,'drh',NULL,'edit two',NULL,NULL);
CREATE TABLE phantom(
  rid INTEGER PRIMARY KEY
);
CREATE TABLE orphan(
  rid INTEGER PRIMARY KEY,
  baseline INTEGER
);
CREATE TABLE unclustered(
  rid INTEGER PRIMARY KEY
);
INSERT INTO "unclustered" VALUES(1);
INSERT INTO "unclustered" VALUES(2);
INSERT INTO "unclustered" VALUES(3);
INSERT INTO "unclustered" VALUES(4);
INSERT INTO "unclustered" VALUES(5);
INSERT INTO "unclustered" VALUES(6);
INSERT INTO "unclustered" VALUES(7);
INSERT INTO "unclustered" VALUES(8);
INSERT INTO "unclustered" VALUES(9);
INSERT INTO "unclustered" VALUES(10);
INSERT INTO "unclustered" VALUES(11);
INSERT INTO "unclustered" VALUES(12);
INSERT INTO "unclustered" VALUES(13);
INSERT INTO "unclustered" VALUES(14);
INSERT INTO "unclustered" VALUES(15);
INSERT INTO "unclustered" VALUES(16);
INSERT INTO "unclustered" VALUES(17);
INSERT INTO "unclustered" VALUES(18);
INSERT INTO "unclustered" VALUES(19);
INSERT INTO "unclustered" VALUES(20);
INSERT INTO "unclustered" VALUES(21);
INSERT INTO "unclustered" VALUES(22);
INSERT INTO "unclustered" VALUES(23);
INSERT INTO "unclustered" VALUES(24);
INSERT INTO "unclustered" VALUES(25);
INSERT INTO "unclustered" VALUES(26);
INSERT INTO "unclustered" VALUES(27);
INSERT INTO "unclustered" VALUES(28);
INSERT INTO "unclustered" VALUES(29);
INSERT INTO "unclustered" VALUES(30);
INSERT INTO "unclustered" VALUES(31);
INSERT INTO "unclustered" VALUES(32);
CREATE TABLE unsent(
  rid INTEGER PRIMARY KEY
);
INSERT INTO "unsent" VALUES(31);
INSERT INTO "unsent" VALUES(32);
CREATE TABLE tag(
  tagid INTEGER PRIMARY KEY,
  tagname TEXT UNIQUE
);
INSERT INTO "tag" VALUES(1,'bgcolor');
INSERT INTO "tag" VALUES(2,'comment');
INSERT INTO "tag" VALUES(3,'user');
INSERT INTO "tag" VALUES(4,'date');
INSERT INTO "tag" VALUES(5,'hidden');
INSERT INTO "tag" VALUES(6,'private');
INSERT INTO "tag" VALUES(7,'cluster');
INSERT INTO "tag" VALUES(8,'branch');
INSERT INTO "tag" VALUES(9,'closed');
INSERT INTO "tag" VALUES(10,'sym-trunk');
INSERT INTO "tag" VALUES(11,'sym-baseline');
INSERT INTO "tag" VALUES(12,'sym-br1');
INSERT INTO "tag" VALUES(13,'sym-br2');
INSERT INTO "tag" VALUES(14,'sym-br3');
INSERT INTO "tag" VALUES(15,'sym-chng1');
INSERT INTO "tag" VALUES(16,'sym-chng2');
INSERT INTO "tag" VALUES(17,'sym-chng3');
INSERT INTO "tag" VALUES(18,'sym-br4');
INSERT INTO "tag" VALUES(19,'sym-br5');
CREATE TABLE tagxref(
  tagid INTEGER REFERENCES tag,
  tagtype INTEGER,
  srcid INTEGER REFERENCES blob,
  origid INTEGER REFERENCES blob,
  value TEXT,
  mtime TIMESTAMP,
  rid INTEGER REFERENCE blob,
  UNIQUE(rid, tagid)
);
INSERT INTO "tagxref" VALUES(8,2,1,1,'trunk',2455542.1246875,1);
INSERT INTO "tagxref" VALUES(10,2,1,1,NULL,2455542.1246875,1);
INSERT INTO "tagxref" VALUES(4,1,6,5,'2010-12-11 15:02:00',2455542.12704861,5);
INSERT INTO "tagxref" VALUES(11,1,6,5,NULL,2455542.12704861,5);
INSERT INTO "tagxref" VALUES(8,2,0,1,'trunk',2455542.1246875,5);
INSERT INTO "tagxref" VALUES(10,2,0,1,NULL,2455542.1246875,5);
INSERT INTO "tagxref" VALUES(8,2,9,8,'br1',2455542.1281713,8);
INSERT INTO "tagxref" VALUES(12,2,9,8,NULL,2455542.1281713,8);
INSERT INTO "tagxref" VALUES(4,1,9,8,'2010-12-11 15:04:15',2455542.1281713,8);
INSERT INTO "tagxref" VALUES(10,0,9,8,NULL,2455542.1281713,8);
INSERT INTO "tagxref" VALUES(8,2,11,11,'br2',2455542.12873843,11);
INSERT INTO "tagxref" VALUES(13,2,11,11,NULL,2455542.12873843,11);
INSERT INTO "tagxref" VALUES(11,0,11,11,NULL,2455542.12873843,11);
INSERT INTO "tagxref" VALUES(10,0,11,11,NULL,2455542.12873843,11);
INSERT INTO "tagxref" VALUES(8,2,13,13,'br3',2455542.1294213,13);
INSERT INTO "tagxref" VALUES(14,2,13,13,NULL,2455542.1294213,13);
INSERT INTO "tagxref" VALUES(11,0,13,13,NULL,2455542.1294213,13);
INSERT INTO "tagxref" VALUES(10,0,13,13,NULL,2455542.1294213,13);
INSERT INTO "tagxref" VALUES(4,1,18,15,'2010-12-11 15:07:11',2455542.13072917,15);
INSERT INTO "tagxref" VALUES(15,1,18,15,NULL,2455542.13072917,15);
INSERT INTO "tagxref" VALUES(4,1,19,17,'2010-12-11 15:07:25',2455542.13090278,17);
INSERT INTO "tagxref" VALUES(16,1,19,17,NULL,2455542.13090278,17);
INSERT INTO "tagxref" VALUES(8,2,0,1,'trunk',2455542.1246875,15);
INSERT INTO "tagxref" VALUES(8,2,0,1,'trunk',2455542.1246875,17);
INSERT INTO "tagxref" VALUES(8,2,0,1,'trunk',2455542.1246875,21);
INSERT INTO "tagxref" VALUES(10,2,0,1,NULL,2455542.1246875,15);
INSERT INTO "tagxref" VALUES(10,2,0,1,NULL,2455542.1246875,17);
INSERT INTO "tagxref" VALUES(10,2,0,1,NULL,2455542.1246875,21);
INSERT INTO "tagxref" VALUES(4,1,22,21,'2010-12-11 15:12:02',2455542.13353009,21);
INSERT INTO "tagxref" VALUES(17,1,22,21,NULL,2455542.13353009,21);
INSERT INTO "tagxref" VALUES(8,2,24,24,'br4',2455542.13467593,24);
INSERT INTO "tagxref" VALUES(18,2,24,24,NULL,2455542.13467593,24);
INSERT INTO "tagxref" VALUES(11,0,24,24,NULL,2455542.13467593,24);
INSERT INTO "tagxref" VALUES(10,0,24,24,NULL,2455542.13467593,24);
INSERT INTO "tagxref" VALUES(8,2,26,26,'br5',2455542.13571759,26);
INSERT INTO "tagxref" VALUES(19,2,26,26,NULL,2455542.13571759,26);
INSERT INTO "tagxref" VALUES(11,0,26,26,NULL,2455542.13571759,26);
INSERT INTO "tagxref" VALUES(10,0,26,26,NULL,2455542.13571759,26);
INSERT INTO "tagxref" VALUES(8,2,0,26,'br5',2455542.13571759,28);
INSERT INTO "tagxref" VALUES(8,2,0,26,'br5',2455542.13571759,30);
INSERT INTO "tagxref" VALUES(19,2,0,26,NULL,2455542.13571759,28);
INSERT INTO "tagxref" VALUES(19,2,0,26,NULL,2455542.13571759,30);
INSERT INTO "tagxref" VALUES(8,2,0,11,'br2',2455542.12873843,32);
INSERT INTO "tagxref" VALUES(13,2,0,11,NULL,2455542.12873843,32);
CREATE TABLE backlink(
  target TEXT,
  srctype INT,
  srcid INT,
  mtime TIMESTAMP,
  UNIQUE(target, srctype, srcid)
);
CREATE TABLE attachment(
  attachid INTEGER PRIMARY KEY,
  isLatest BOOLEAN DEFAULT 0,
  mtime TIMESTAMP,
  src TEXT,
  target TEXT,
  filename TEXT,
  comment TEXT,
  user TEXT
);
CREATE TABLE ticket(
  -- Do not change any column that begins with tkt_
  tkt_id INTEGER PRIMARY KEY,
  tkt_uuid TEXT UNIQUE,
  tkt_mtime DATE,
  -- Add as many field as required below this line
  type TEXT,
  status TEXT,
  subsystem TEXT,
  priority TEXT,
  severity TEXT,
  foundin TEXT,
  private_contact TEXT,
  resolution TEXT,
  title TEXT,
  comment TEXT
);
CREATE INDEX delta_i1 ON delta(srcid);
CREATE INDEX mlink_i1 ON mlink(mid);
CREATE INDEX mlink_i2 ON mlink(fnid);
CREATE INDEX mlink_i3 ON mlink(fid);
CREATE INDEX mlink_i4 ON mlink(pid);
CREATE INDEX plink_i2 ON plink(cid,pid);
CREATE INDEX event_i1 ON event(mtime);
CREATE INDEX orphan_baseline ON orphan(baseline);
CREATE INDEX tagxref_i1 ON tagxref(tagid, mtime);
CREATE INDEX backlink_src ON backlink(srcid, srctype);
CREATE INDEX attachment_idx1 ON attachment(target, filename, mtime);
CREATE INDEX attachment_idx2 ON attachment(src);
COMMIT;
